se 15?
d2
Convert -19b (base 12) to base 6.
-1115
What is 426032 (base 7) in base 4?
102011333
-11840 (base 9) to base 8
-17446
268 (base 11) to base 15
161
Convert -3114 (base 5) to base 4.
-12121
What is 1200102 (base 3) in base 2?
10011001010
-a0 (base 16) to base 15
-aa
What is 760 (base 9) in base 8?
1155
What is -42824 (base 9) in base 8?
-67324
Convert 12787 (base 9) to base 10.
8665
What is -15505 (base 6) in base 15?
-b5b
Convert 3670 (base 8) to base 11.
1537
What is -3 (base 9) in base 7?
-3
What is 4642 (base 7) in base 10?
1696
-1221001 (base 3) to base 15
-63a
Convert -224 (base 14) to base 3.
-120201
Convert 91 (base 16) to base 4.
2101
-40b (base 12) to base 11
-494
What is -153 (base 6) in base 4?
-1011
Convert -2355 (base 7) to base 16.
-369
What is -2141 (base 5) in base 3?
-101222
1451 (base 10) to base 4
112223
-323 (base 4) to base 7
-113
-1112210 (base 4) to base 11
-4187
Convert -833c (base 13) to base 9.
-26778
What is 110010110011 (base 2) in base 4?
302303
What is -793d (base 14) in base 4?
-11020203
Convert -2994 (base 16) to base 8.
-24624
What is -3111 (base 9) in base 15?
-a1d
-48f (base 16) to base 4
-102033
What is 2098 (base 10) in base 3?
2212201
Convert 112201 (base 4) to base 5.
21231
What is 650b (base 15) in base 5?
1141021
What is 1210001122 (base 3) in base 16?
88dc
What is -10543 (base 6) in base 13?
-8b8
Convert 3057 (base 8) to base 10.
1583
Convert -a67 (base 14) to base 6.
-13255
What is -11000011 (base 2) in base 5?
-1240
16de (base 15) to base 11
3786
What is -74169 (base 10) in base 6?
-1331213
Convert -12787 (base 10) to base 9.
-18477
What is 398 (base 16) in base 8?
1630
1235 (base 7) to base 9
568
-20120013 (base 4) to base 2
-1000011000000111
What is -2242 (base 6) in base 8?
-1022
-440 (base 7) to base 12
-168
254134 (base 6) to base 13
a5a9
1867 (base 12) to base 10
2959
Convert 22201 (base 3) to base 13.
151
55b1 (base 14) to base 9
22335
Convert 2535 (base 6) to base 5.
10020
What is 2a68 (base 15) in base 3?
110110222
What is -1bd3 (base 16) in base 9?
-10684
Convert f0 (base 16) to base 13.
156
What is 1010000011000 (base 2) in base 9?
7045
-23e7 (base 16) to base 4
-2033213
What is -e8 (base 15) in base 3?
-22002
-26000 (base 7) to base 12
-3b78
What is -4410 (base 6) in base 11?
-842
-7540 (base 12) to base 13
-5b17
-2312 (base 8) to base 12
-862
1 (base 2) to base 4
1
Convert -453 (base 12) to base 11.
-531
-4e1 (base 15) to base 16
-457
What is 4f1 (base 16) in base 11?
a50
-11200 (base 6) to base 15
-709
2033 (base 14) to base 5
134113
What is -3b4 (base 14) in base 4?
-23222
What is 10000001001 (base 2) in base 11?
85a
Convert -25147 (base 11) to base 9.
-54471
-11010122202 (base 3) to base 13
-2b085
What is 31030 (base 4) in base 9?
1137
Convert -10702 (base 11) to base 4.
-3302002
What is -a452 (base 13) in base 11?
-16079
What is 217c (base 16) in base 3?
102202111
What is 3210 (base 9) in base 3?
10020100
Convert 47202 (base 8) to base 5.
1120343
What is -10000000101001111 (base 2) in base 6?
-1224543
376 (base 13) to base 5
4404
2ee1 (base 16) to base 5
341001
What is 27111 (base 12) in base 8?
150735
What is -129 (base 12) in base 16?
-b1
12513 (base 7) to base 15
ecc
Convert -d39 (base 16) to base 5.
-102020
Convert 5473 (base 8) to base 14.
1095
9092 (base 12) to base 16
3d2e
221 (base 14) to base 11
353
What is 1054 (base 6) in base 7?
505
What is -11a1 (base 11) in base 7?
-4362
Convert -11015 (base 9) to base 13.
-342b
What is -712 (base 12) in base 15?
-482
Convert -10010100001 (base 2) to base 7.
-3312
-50640 (base 7) to base 13
-57c3
What is -126a (base 12) in base 2?
-100000110010
200011020 (base 3) to base 15
3dc6
What is 62115 (base 8) in base 2?
110010001001101
What is 598d (base 15) in base 3?
222002221
Convert 2754 (base 10) to base 3.
10210000
1633 (base 7) to base 10
661
What is 21134 (base 5) in base 3?
1221120
What is 9345 (base 15) in base 16?
798b
4a (base 12) to base 8
72
Convert -2044 (base 5) to base 16.
-112
Convert 1221131 (base 4) to base 15.
1eee
-12101102 (base 3) to base 2
-111101010110
-3a2 (base 15) to base 6
-3455
What is -2113011 (base 5) in base 2?
-1000101000110101
90 (base 16) to base 5
1034
Convert -241 (base 13) to base 15.
-1b1
-3224104 (base 5) to base 7
-316033
2270 (base 12) to base 5
110303
-1a08 (base 14) to base 16
-1268
10020122 (base 3) to base 2
100100111110
Convert -55e (base 15) to base 2.
-10010111110
be1 (base 15) to base 9
3614
102301 (base 4) to base 5
14301
What is -10010110100000 (base 2) in base 12?
-56a8
2b9 (base 16) to base 14
37b
-10210222 (base 3) to base 15
-c55
What is 274 (base 12) in base 15?
1a1
Convert 3ba5 (base 15) to base 2.
11000111010011
Convert 969 (base 10) to base 13.
597
-8123 (base 10) to base 4
-1332323
4811 (base 10) to base 2
1001011001011
Convert -1204 (base 5) to base 4.
-2303
-1970a (base 11) to base 10
-27477
Convert 3306 (base 11) to base 4.
1010022
-443 (base 7) to base 8
-343
What is 1541 (base 6) in base 10?
421
Convert -100300 (base 5) to base 16.
-c80
Convert 2e52 (base 16) to base 6.
130522
-1371 (base 11) to base 8
-3354
Convert -33874 (base 9) to base 8.
-54071
77 (base 14) to base 2
1101001
-110000101 (base 2) to base 14
-1db
What is -37c (base 13) in base 14?
-318
What is 1864 (base 10) in base 14?
972
248a (base 12) to base 8
10052
14130 (base 5) to base 15
52a
Convert -28b9a (base 12) to base 14.
-16ab4
19247 (base 10) to base 12
b17b
-14b9 (base 15) to base 12
-26a9
-110332 (base 7) to base 2
-100101110110010
What is -2011112 (base 3) in base 5?
-22310
What is -8776 (base 9) in base 4?
-1211010
Convert da3 (base 15) to base 2.
110000000110
-13 (base 16) to base 9
-21
What is 276 (base 11) in base 2?
101000101
What is 137d (base 14) in base 4?
311303
Convert -2611 (base 11) to base 8.
-6510
What is -6a8 (base 13) in base 4?
-102000
What is 2ca (base 15) in base 10?
640
What is 1886 (base 14) in base 11?
3368
What is 352 (base 16) in base 14?
44a
What is -421 (base 12) in base 2?
-1001011001
-151 (base 11) to base 10
-177
Convert 10020012 (base 3) to base 16.
932
-851 (base 9) to base 10
-694
-906 (base 15) to base 5
-31111
-1426 (base 9) to base 6
-4553
Convert 3231302 (base 4) to base 16.
3b72
708 (base 11) to base 16
357
What is -21222120 (base 3) in base 7?
-22653
What is 113033 (base 6) in base 7?
40254
5446 (base 7) to base 4
132121
-11220010 (base 3) to base 15
-10cc
-100111011 (base 2) to base 12
-223
1101201 (base 3) to base 15
47d
Convert 5a4 (base 16) to base 15.
664
What is -12010 (base 4) in base 13?
-23b
Convert -1100010010 (base 2) to base 7.
-2202
-3cb (base 13) to base 2
-1010100010
What is -60016 (base 7) in base 8?
-34123
What is 354 (base 6) in base 14?
a2
What is 17071 (base 10) in base 12?
9a67
What is -503252 (base 6) in base 5?
-2232012
Convert 242012 (base 5) to base 2.
10001100101111
What is 1263 (base 8) in base 11?
579
155 (base 12) to base 15
de
220022 (base 3) to base 11
547
11355 (base 6) to base 3
2021022
588 (base 9) to base 5
3420
Convert -133325 (base 7) to base 12.
-12705
What is -15e4 (base 15) in base 8?
-11152
Convert 10011001100 (base 2) to base 6.
5404
What is -497 (base 11) in base 5?
-4330
-c068 (base 16) to base 11
-34009
Convert -1453 (base 6) to base 14.
-201
-1111 (base 10) to base 13
-676
Convert -b0 (base 16) to base 7.
-341
9947 (base 10) to base 13
46b2
Convert 50014 (base 6) to base 15.
1dca
What is -963 (base 10) in base 12?
-683
Convert 591 (base 13) to base 15.
443
What is 2fd0 (base 16) in base 15?
3960
What is -12724 (base 10) in base 9?
-18407
4a0 (base 16) to base 6
5252
193 (base 11) to base 5
1343
What is -10125 (base 6) in base 11?
-1017
Convert -31b (base 12) to base 8.
-707
Convert 3b25 (base 12) to base 14.
2697
113121 (base 4) to base 7
4236
What is 112222011 (base 3) in base 6?
122304
What is -a49 (base 13) in base 15?
-7bb
-865 (base 11) to base 6
-4451
32703 (base 8) to base 15
4128
What is 4122 (base 5) in base 16?
219
Convert 152 (base 11) to base 6.
454
-1000111000100 (base 2) to base 6
-33020
What is -1521 (base 6) in base 10?
-409
-11320233 (base 4) to base 11
-1712a
What is -54042 (base 9) in base 13?
-13379
10331 (base 4) to base 15
162
What is -810 (base 11) in base 8?
-1723
12 (base 4) to base 13